 = 2*q + 4. Let z be d(3). Calculate the remainder when a is divided by 208/z - 4/5.
19
Suppose -6*q + 131 = 17. Calculate the remainder when 69 is divided by q.
12
Suppose -w - 3*w = -5*n - 563, 4*n + 5*w + 434 = 0. Let m = n - -156. Calculate the remainder when m is divided by 23.
22
Suppose -2*i = -4*i + 3*z + 15, 2*z = -3*i + 16. Suppose -3*o + 6 = -i. What is the remainder when 5 is divided by o?
1
Let w = -58 + 98. Suppose -3*g + 13 = w. Calculate the remainder when 81 is divided by (3 + -10)/(3/g).
18
Let v(a) = 2*a + 9. Let w be v(5). Suppose 2*t - 124 = -2*t + 4*p, 0 = t + 2*p - w. Calculate the remainder when t is divided by 7.
6
What is the remainder when (-966)/(-15) - (-15)/25 is divided by 17?
14
Suppose 0 = 6*s - 8*s + 108. What is the remainder when s is divided by 16?
6
Suppose -3*a = 2*a - 60. Calculate the remainder when 35 is divided by a.
11
Calculate the remainder when 44 is divided by (-1)/(-4) + (-517)/(-44).
8
Suppose 0 = -4*p + 18*p - 70. What is the remainder when 40 is divided by p?
0
Let w = 51 + 82. What is the remainder when w is divided by 27?
25
Let g(k) = 0*k + 2*k + k. What is the remainder when 11 is divided by g(2)?
5
Suppose -5*f + 210 = 5*q, 85 = 3*q + 5*f - 43. Suppose -45 = -10*j + 5*j + 5*k, -25 = -5*k. What is the remainder when q is divided by j?
13
Suppose 55 = 4*y - 3*c, -5*c + c - 70 = -5*y. Let x be (-9)/15 - (-6)/y. Suppose x = 2*v + v - 57. What is the remainder when v is divided by 5?
4
Suppose 3*o = -4*h - 0*o + 68, h - 32 = 3*o. Calculate the remainder when 73 is divided by h.
13
Let u(p) = -7*p - 5 + 3 + 2*p**2 + 0. Let i = -10 - -15. What is the remainder when u(i) is divided by 5?
3
Let z = -13 + 16. Suppose 2*s = 4, -z*i - 4*s + 3*s + 11 = 0. Let b(q) = -3*q - 6. Calculate the remainder when b(-4) is divided by i.
0
Let b be (-4)/(-14) + 455/(-49). Let h = 20 - b. Calculate the remainder when h is divided by 15.
14
Let u = 11 - -5. What is the remainder when u is divided by 3?
1
Suppose 0 = -9*k + 5*k + 804. What is the remainder when k is divided by 34?
31
Let u(q) = 3*q**2 + q - 1. Let i be u(1). Calculate the remainder when -5*(-3 + (3 - 2)) is divided by (-10)/i*24/(-20).
2
Let h = -7 + 15. Calculate the remainder when 306/7 - h/(-28) is divided by 15.
14
Calculate the remainder when 87 is divided by (90/4)/((-27)/(-36)).
27
Suppose -163 = -0*p - p. Suppose c + 3*c - 3*w = p, -5*c = -4*w - 205. Let q = 23 + -10. Calculate the remainder when c is divided by q.
11
Suppose -4*b + 2*i = -42, 16 = 2*b - 2*i - 4. What is the remainder when 21 is divided by b?
10
Let u be (-14 - 1)*291/(-9). Suppose 0 = 3*z + 2*z - u. What is the remainder when z is divided by 33?
31
Suppose -a = -0 - 3. What is the remainder when (1/4)/(2/40) is divided by a?
2
Suppose 3*c - 3*x - 16 = -5*x, -5*c + 33 = -3*x. Let u = c + -1. What is the remainder when 19 is divided by u?
4
Let q = 34 - 21. Calculate the remainder when 24 is divided by q.
11
Suppose 4*i - p - 248 = 62, p = 2*i - 156. Calculate the remainder when 42 is divided by (-2 + 0)*i/(-14).
9
Let p(c) be the first derivative of -c**3/3 + 7*c**2/2 - c - 1. Let r be p(5). Calculate the remainder when 15/((r/(-6))/(-1)) is divided by 6.
4
Let u = 118 + -75. Let n(z) = 16*z**2 - z. Suppose -o + 2 = -2*y, 17 = 6*y - y + 3*o. What is the remainder when u is divided by n(y)?
13
What is the remainder when 142 is divided by 13*3 - (5 - (1 - -1))?
34
Suppose 2*x + 2*z = 13 + 5, -5*x - 4*z = -44. Let k = 3 + 0. Suppose -2*a + a + k = 0. What is the remainder when x is divided by a?
2
Let g be ((-24)/20)/(6/(-15)). Calculate the remainder when 19 is divided by (-1 - 0)/(g/(-15)).
4
Let z = 207 - 186. Calculate the remainder when z is divided by 12.
9
Suppose -20 = -3*v + 40. Suppose -v*q = -25*q + 40. Calculate the remainder when 30 is divided by q.
6
Suppose 4*v = 4*l - 60, -4*l + 3*v = 6*v - 25. What is the remainder when 38 is divided by l?
8
Let k(x) = -x**2 + 23*x - 24. Calculate the remainder when k(21) is divided by 12.
6
Suppose -2*s - 4*d - 2 = 0, -s + 2*d + 4 = -3. What is the remainder when 6 is divided by 1*(1 + -1 + s)?
0
Suppose 3*k - 42 = -3*k. Calculate the remainder when 12 is divided by k.
5
What is the remainder when 4 + -3 + (-42)/(-2) is divided by 8?
6
Let d(j) be the third derivative of -j**6/120 + j**5/10 + j**4/3 - 3*j**3/2 - 2*j**2. Let u be d(7). Calculate the remainder when 70/2 - u - 2 is divided by 12.
11
Suppose -t - 2*p = -26, 4*t + 2*p + 3*p = 107. Suppose 4*v - 54 = 3*v. What is the remainder when v is divided by t?
26
Let w(c) = -c**3 - 10*c**2 - 11*c + 1. What is the remainder when 36 is divided by w(-9)?
17
Let w = -2 + 6. Suppose 2*c + 2*b = -2, -1 = -w*c - 5*b - 7. Calculate the remainder when c is divided by 1.
0
Let g = 14 + -6. Let u(f) = 2*f**3 + 6*f**2 + 4*f + 2. Let w be u(-4). What is the remainder when (w/5)/(8/(-20)) is divided by g?
7
Suppose 3*v = v + 74. Calculate the remainder when v is divided by 10.
7
Let b = -2 + 4. Suppose -b*x + 5 + 73 = 0. Let k(f) = 2*f**2 - 2*f + 2. Calculate the remainder when x is divided by k(3).
11
What is the remainder when (-45)/(-7) - 0 - 15/35 is divided by 1?
0
Let j(q) = -2*q**2 - q. Let r be j(2). Let b(y) = y**3 + 9*y**2 - 11*y - 7. Calculate the remainder when b(r) is divided by 1.
0
Let f(z) be the second derivative of 29*z**3/6 - z**2 + z. Let n be f(-8). Calculate the remainder when n/(-14) - (-6)/21 is divided by 6.
5
Suppose -l + 7 = 19. Let y = l - -25. What is the remainder when 38 is divided by y?
12
Suppose 7*n - 4*n - 1 = p, -2*n + p = 0. Let f = 2 + -1. What is the remainder when f is divided by 1/n - 0/(-4)?
0
Let w(d) = d. Let j be w(4). Suppose -2*f = -j*f + 4. Let n(c) = -c**3 + 2*c**2 + c - 1. Calculate the remainder when 1 is divided by n(f).
0
Let f be 1/(-2) - (-5)/(-2). Let z be (-3)/(-6) - f/(-6). Suppose -n - 32 = -3*b, -3*n + 14 = 2*b - z*b. Calculate the remainder when b is divided by 6.
4
Let m(t) = -t**3 + 8*t**2 - 8*t + 6. What is the remainder when 120 is divided by m(5)?
38
Let s be (-6)/27 + (-47)/(-9). Suppose s*i = -180 - 50. What is the remainder when i/(-6) - (-4)/12 is divided by 5?
3
Let r = 36 - 27. Calculate the remainder when 11*1*18/6 is divided by r.
6
Suppose 5*q - 3*w = -4*w - 167, -4*q - w = 134. Let z = -20 - q. Calculate the remainder when 12/(-4) - -4*10 is divided by z.
11
Suppose 5*d = b + 87, -2*d + b + 38 = -b. What is the remainder when 31 is divided by d?
14
Suppose -38 = 4*q - 242. What is the remainder when q is divided by 18?
15
Suppose 9*n - j = 13*n - 41, -25 = -5*n + 4*j. Let q = 116 - 81. Calculate the remainder when q is divided by n.
8
Suppose -h + 1 = 31. Let b = 46 + h. What is the remainder when 30 is divided by b?
14
Suppose -j + 25 = 4*o, 5*j = -2*o + 5*o + 240. Let v be 54/j*(-10)/(-4). Suppose -y = v*y - 4, 2*y - 32 = -5*u. Calculate the remainder when 9 is divided by u.
3
Suppose -32*a + 34*a = 24. Calculate the remainder when 23 is divided by a.
11
Let v = -6 - -6. Suppose -4*o + 45 + 43 = v. What is the remainder when o is divided by 8?
6
What is the remainder when 63 is divided by -9*1*77/(-21)?
30
Let r be (-3 - -4)/((-3)/(-69)). Suppose 123 - r = 4*j. Calculate the remainder when j is divided by 13.
12
Suppose -8 - 4 = -4*g. Suppose 6 = l - g. What is the remainder when l is divided by 6?
3
Let r = 8 - -23. Suppose -r = -4*s + 3*j, 0 = s + 3*s + 2*j - 46. Calculate the remainder when (0 - (-28)/(-2))*-2 is divided by s.
8
Suppose -3*c + 2*v + 72 = 5*v, -2*c = -v - 48. What is the remainder when 95 is divided by c?
23
Let v(n) = -n**2 - 13*n + 16. What is the remainder when v(-12) is divided by 15?
13
Let b = -3 - -2. Let c be -2 - (-6 - (-2 - b)). Suppose 54 = c*q - n, 8*q = 3*q + 2*n + 91. What is the remainder when q is divided by 6?
5
Suppose 0 = 2*t + 3*t - 60. Let s be (-1)/4 + 375/12. Suppose 5*r + 2*o = s, -3*o + 15 = -3*r + 6*r. Calculate the remainder when t is divided by r.
5
Let g = 114 + -103. Calculate the remainder when 29 is divided by g.
7
Let p = -13 - -37. What is the remainder when p is divided by 370/30 + 4/6 + 0?
11
Let z = -13 - -19. Let s(h) = 2*h**2 - 7*h - 7. Let w(a) = -a**3 + 6*a**2 - 5*a + 8. Calculate the remainder when s(z) is divided by w(5).
7
Suppose -3*r - 2*r + 